{"id":148,"date":"2024-11-18T10:06:10","date_gmt":"2024-11-18T10:06:10","guid":{"rendered":"https:\/\/ceste-pozega.hr\/?page_id=148"},"modified":"2024-11-18T10:07:51","modified_gmt":"2024-11-18T10:07:51","slug":"elementor-page-148","status":"publish","type":"page","link":"https:\/\/ceste-pozega.hr\/index.php\/elementor-page-148\/","title":{"rendered":"Uspostava mobilnog postrojenja"},"content":{"rendered":"\t\t<div data-elementor-type=\"wp-page\" data-elementor-id=\"148\" class=\"elementor elementor-148\" data-elementor-post-type=\"page\">\n\t\t\t\t<div class=\"elementor-element elementor-element-aca89a8 e-flex e-con-boxed e-con e-parent\" data-id=\"aca89a8\" data-element_type=\"container\" data-e-type=\"container\">\n\t\t\t\t\t<div class=\"e-con-inner\">\n\t\t\t\t\t<\/div>\n\t\t\t\t<\/div>\n\t\t<div class=\"elementor-element elementor-element-be1c72a e-flex e-con-boxed e-con e-parent\" data-id=\"be1c72a\" data-element_type=\"container\" data-e-type=\"container\">\n\t\t\t\t\t<div class=\"e-con-inner\">\n\t\t\t\t<div class=\"elementor-element elementor-element-0f1ac40 elementor-widget elementor-widget-image\" data-id=\"0f1ac40\" data-element_type=\"widget\" data-e-type=\"widget\" data-widget_type=\"image.default\">\n\t\t\t\t<div class=\"elementor-widget-container\">\n\t\t\t\t\t\t\t\t\t\t\t\t\t\t\t<img fetchpriority=\"high\" decoding=\"async\" width=\"600\" height=\"88\" src=\"https:\/\/ceste-pozega.hr\/wp-content\/uploads\/2024\/11\/elementi_vidljivosti_mali.png\" class=\"attachment-large size-large wp-image-52\" alt=\"\" srcset=\"https:\/\/ceste-pozega.hr\/wp-content\/uploads\/2024\/11\/elementi_vidljivosti_mali.png 600w, https:\/\/ceste-pozega.hr\/wp-content\/uploads\/2024\/11\/elementi_vidljivosti_mali-300x44.png 300w\" sizes=\"(max-width: 600px) 100vw, 600px\" \/>\t\t\t\t\t\t\t\t\t\t\t\t\t\t\t<\/div>\n\t\t\t\t<\/div>\n\t\t\t\t\t<\/div>\n\t\t\t\t<\/div>\n\t\t<div class=\"elementor-element elementor-element-8480811 e-flex e-con-boxed e-con e-parent\" data-id=\"8480811\" data-element_type=\"container\" data-e-type=\"container\">\n\t\t\t\t\t<div class=\"e-con-inner\">\n\t\t\t\t<div class=\"elementor-element elementor-element-7f8130f elementor-widget elementor-widget-heading\" data-id=\"7f8130f\" data-element_type=\"widget\" data-e-type=\"widget\" data-widget_type=\"heading.default\">\n\t\t\t\t<div class=\"elementor-widget-container\">\n\t\t\t\t\t<h1 class=\"elementor-heading-title elementor-size-default\">Uspostava mobilnog postrojenja za obradu\/recikliranje gra\u0111evnog otpada<\/h1>\t\t\t\t<\/div>\n\t\t\t\t<\/div>\n\t\t\t\t\t<\/div>\n\t\t\t\t<\/div>\n\t\t<div class=\"elementor-element elementor-element-9299a21 e-flex e-con-boxed e-con e-parent\" data-id=\"9299a21\" data-element_type=\"container\" data-e-type=\"container\">\n\t\t\t\t\t<div class=\"e-con-inner\">\n\t\t\t\t<div class=\"elementor-element elementor-element-315c329 elementor-widget elementor-widget-text-editor\" data-id=\"315c329\" data-element_type=\"widget\" data-e-type=\"widget\" data-widget_type=\"text-editor.default\">\n\t\t\t\t<div class=\"elementor-widget-container\">\n\t\t\t\t\t\t\t\t\t<p><strong>NAZIV PROJEKTA:<\/strong><\/p><p>\u201cUspostava mobilnog postrojenja za obradu\/recikliranje gra\u0111evnog otpada \u2013 CESTE PO\u017dEGA d.o.o.\u201d<\/p><p><strong>KORISNIK:<\/strong><\/p><p>CESTE Po\u017eega d.o.o., \u0160ija\u010dka cesta 1, HR-34000 Po\u017eega<\/p><p><strong>OPIS:<\/strong><\/p><p>Projekt obuhva\u0107a nabavku, monta\u017eu i testiranje mobilnog postrojenja za \u00a0obradu\/recikliranje gra\u0111evnog otpada s podru\u010dja Po\u017ee\u0161ko slavonske \u017eupanije. Uz nabavku mobilnog postrojenja projekt predvi\u0111a i provo\u0111enje aktivnosti informiranja i vidljivosti. Mobilno postrojenje \u0107e se prema potrebi montirati na lokacije nastanka ve\u0107ih koli\u010dina gra\u0111evnog otpada na podru\u010dju obuhvata projekta. Smje\u0161taj i servisiranje postrojenja je predvi\u0111eno na podru\u010dju Grada Po\u017eege.<\/p><p>Navedeno mobilno postrojenje se sastoji od sljede\u0107ih mobilnih strojeva\/opreme:<\/p><p>1\u00a0 BAGER GUSJENI\u010cAR 21-23 TONA S HIDRAULI\u010cNIM \u010cEKI\u0106EM<\/p><p>2\u00a0 \u010cELJUSNA\u00a0 DROBILICA 28-30 TONA<\/p><p>3\u00a0 RECIKLAMER 18-20 TONA<\/p><p>4\u00a0 UTOVARIVA\u010c TO\u010cKA\u0160 13-15 TONA<\/p><p>Oprema \u0107e se isporu\u010divati na lokaciju mobilnog postrojenja, te \u0107e se ista biti montirana, pode\u0161ena i testirana, odnosno za istu \u0107e se dokazivati valjanost prije kona\u010dnog preuzimanja. Prije po\u010detka rada mobilnog postrojenja ishoditi \u0107e se dozvola za gospodarenje otpadom.<\/p><p>REZULTAT: Uspostavljeno mobilno postrojenje za obradu\/recikliranje gra\u0111evnog otpada \u2013 CESTE PO\u017dEGA d.o.o. koje se sastoji od navedenih strojeva<\/p><p><strong>UKUPNA VRIJEDNOST PROJEKTA:<\/strong>\u00a06.622.000,00 kn<\/p><p><strong>IZNOS SUFINANCIRANJA EU:<\/strong>\u00a04.635.400,00 kn<\/p><p><strong>RAZDOBLJE PROVEDBE PROJEKTA:<\/strong>\u00a0od 28. rujan 2020. do 28. studeni 2021.<\/p><p><strong>KONTAKT OSOBE:<\/strong><\/p><p>Marina \u0160utalo, direktorica<\/p><p>cestepozega@gmail.com<\/p><p><strong>Projekt je sufinancirala Europska unija iz Kohezijskog fonda.<\/strong><\/p><p><em>Sadr\u017eaj ove stranice isklju\u010diva je odgovornost Korisnika \u2013 CESTE Po\u017eega d.o.o., te ne odra\u017eava stavove Europske unije.<\/em><\/p><p><a href=\"http:\/\/www.strukturnifondovi.hr\/\">www.strukturnifondovi.hr<\/a><\/p>\t\t\t\t\t\t\t\t<\/div>\n\t\t\t\t<\/div>\n\t\t\t\t\t<\/div>\n\t\t\t\t<\/div>\n\t\t\t\t<\/div>\n\t\t","protected":false},"excerpt":{"rendered":"<p>Uspostava mobilnog postrojenja za obradu\/recikliranje gra\u0111evnog otpada NAZIV PROJEKTA: \u201cUspostava mobilnog postrojenja za obradu\/recikliranje gra\u0111evnog otpada \u2013 CESTE PO\u017dEGA d.o.o.\u201d [&hellip;]<\/p>\n","protected":false},"author":1,"featured_media":0,"parent":0,"menu_order":0,"comment_status":"closed","ping_status":"closed","template":"","meta":{"site-sidebar-layout":"no-sidebar","site-content-layout":"","ast-site-content-layout":"full-width-container","site-content-style":"default","site-sidebar-style":"default","ast-global-header-display":"","ast-banner-title-visibility":"","ast-main-header-display":"","ast-hfb-above-header-display":"","ast-hfb-below-header-display":"","ast-hfb-mobile-header-display":"","site-post-title":"disabled","ast-breadcrumbs-content":"","ast-featured-img":"disabled","footer-sml-layout":"","theme-transparent-header-meta":"","adv-header-id-meta":"","stick-header-meta":"","header-above-stick-meta":"","header-main-stick-meta":"","header-below-stick-meta":"","astra-migrate-meta-layouts":"default","ast-page-background-enabled":"default","ast-page-background-meta":{"desktop":{"background-color":"var(--ast-global-color-4)","background-image":"","background-repeat":"repeat","background-position":"center center","background-size":"auto","background-attachment":"scroll","background-type":"","background-media":"","overlay-type":"","overlay-color":"","overlay-opacity":"","overlay-gradient":""},"tablet":{"background-color":"","background-image":"","background-repeat":"repeat","background-position":"center center","background-size":"auto","background-attachment":"scroll","background-type":"","background-media":"","overlay-type":"","overlay-color":"","overlay-opacity":"","overlay-gradient":""},"mobile":{"background-color":"","background-image":"","background-repeat":"repeat","background-position":"center center","background-size":"auto","background-attachment":"scroll","background-type":"","background-media":"","overlay-type":"","overlay-color":"","overlay-opacity":"","overlay-gradient":""}},"ast-content-background-meta":{"desktop":{"background-color":"var(--ast-global-color-5)","background-image":"","background-repeat":"repeat","background-position":"center center","background-size":"auto","background-attachment":"scroll","background-type":"","background-media":"","overlay-type":"","overlay-color":"","overlay-opacity":"","overlay-gradient":""},"tablet":{"background-color":"var(--ast-global-color-5)","background-image":"","background-repeat":"repeat","background-position":"center center","background-size":"auto","background-attachment":"scroll","background-type":"","background-media":"","overlay-type":"","overlay-color":"","overlay-opacity":"","overlay-gradient":""},"mobile":{"background-color":"var(--ast-global-color-5)","background-image":"","background-repeat":"repeat","background-position":"center center","background-size":"auto","background-attachment":"scroll","background-type":"","background-media":"","overlay-type":"","overlay-color":"","overlay-opacity":"","overlay-gradient":""}},"footnotes":""},"class_list":["post-148","page","type-page","status-publish","hentry"],"_links":{"self":[{"href":"https:\/\/ceste-pozega.hr\/index.php\/wp-json\/wp\/v2\/pages\/148","targetHints":{"allow":["GET"]}}],"collection":[{"href":"https:\/\/ceste-pozega.hr\/index.php\/wp-json\/wp\/v2\/pages"}],"about":[{"href":"https:\/\/ceste-pozega.hr\/index.php\/wp-json\/wp\/v2\/types\/page"}],"author":[{"embeddable":true,"href":"https:\/\/ceste-pozega.hr\/index.php\/wp-json\/wp\/v2\/users\/1"}],"replies":[{"embeddable":true,"href":"https:\/\/ceste-pozega.hr\/index.php\/wp-json\/wp\/v2\/comments?post=148"}],"version-history":[{"count":5,"href":"https:\/\/ceste-pozega.hr\/index.php\/wp-json\/wp\/v2\/pages\/148\/revisions"}],"predecessor-version":[{"id":154,"href":"https:\/\/ceste-pozega.hr\/index.php\/wp-json\/wp\/v2\/pages\/148\/revisions\/154"}],"wp:attachment":[{"href":"https:\/\/ceste-pozega.hr\/index.php\/wp-json\/wp\/v2\/media?parent=148"}],"curies":[{"name":"wp","href":"https:\/\/api.w.org\/{rel}","templated":true}]}}